at is the thousands digit of n(15)?
5
Suppose -102 + 108 = 3*t. Suppose 170 = 2*u + 3*u. What is the hundreds digit of (16 + -2)/(t/u)?
2
Suppose 62*y = 1142391 - 347303. What is the units digit of y?
4
Suppose 4*v - 52 = -32. Suppose 4*u = -h + 276, -u = v - 4. What is the tens digit of h?
8
Let y(p) = 105*p + 3170. What is the units digit of y(-10)?
0
Let w = -87 + 90. Suppose -w*i - 7*i + 2160 = 0. What is the tens digit of i?
1
Suppose 75*g = 184574 + 52501. What is the thousands digit of g?
3
Suppose 5*p - 4*r = 44603, -3*r + 24552 - 6697 = 2*p. What is the thousands digit of p?
8
Suppose -3*l = -i + 13075, -i + 36*l - 38*l = -13070. What is the ten thousands digit of i?
1
What is the ten thousands digit of ((-2225)/3)/(11 - (-9449)/(-726) - -2)?
4
What is the units digit of 12153510/2754 + 6/(-153)?
3
Let c(o) = o**3 - 50*o**2 + 343*o + 102. What is the units digit of c(47)?
6
Suppose -22 = -4*w - 90. Let a(i) = 6*i - 33. Let v(o) = 19*o - 99. Let t(z) = w*a(z) + 6*v(z). What is the tens digit of t(7)?
5
Let j be (30/(-9) + 3)*-3 + 1. What is the tens digit of (-4 - (-1268)/(-8))*-2*j?
5
Let k = 253 - -4763. What is the tens digit of k?
1
Let i(k) = -15*k**3 + 43*k**2 + 36*k + 27. What is the thousands digit of i(-8)?
0
Suppose -5*s + 3*s = -10*s + 79832. What is the units digit of s?
9
Let q(s) = -1153*s**3 + s**2 - 2*s - 5. What is the tens digit of q(-2)?
2
Let o = 10 + -6. Suppose -w = 3*w - 4*b - o, -5*b = 3*w - 43. Let y = w - -162. What is the tens digit of y?
6
What is the thousands digit of 8767 + (-24)/(-6 + 0)?
8
What is the hundreds digit of (2*3)/((-51)/(-53516))?
2
Let h(o) = 5*o**2 + 60*o + 984. What is the ten thousands digit of h(-56)?
1
Let a = -375 + 636. Let w = a + -157. What is the hundreds digit of w?
1
Let y(m) = -m**2 - 10*m + 16. Let u be y(8). Let l = u + 424. What is the units digit of l?
6
Let o(i) = -5*i**3 - 73*i**2 + 21*i + 75. What is the ten thousands digit of o(-22)?
1
Let l(p) = 19*p**2 + 108*p + 1450. What is the units digit of l(-17)?
5
Let g be -4*(8 - (-66)/(-12)). What is the tens digit of 9*(127 + -1 + g/(-2))?
7
Let m(n) = 838*n**2 + 5*n - 2. What is the hundreds digit of m(2)?
3
Let n = -214 + 209. What is the units digit of 1/n + (-3 - 186/(-5))?
4
Let w be 17260170/(-3) - 0/(-15). What is the hundreds digit of w/(-3113) + (-2)/22*2?
8
Let i be (-1618)/(-3 + -3 + 5). Suppose -5*l = -s - i, 16*l - 18*l - s = -643. What is the units digit of l?
3
What is the ten thousands digit of 7415*(-24)/100*((-19)/2 - -2)?
1
Let q(l) = 4*l**2 + l + 25. Suppose 5*z + 3*d = -31, -5*z + 5*d - 33 = 22. Let u be -5*(0 - z/(-10)) - -4. What is the units digit of q(u)?
9
Suppose -5*w + 1016 = l, -3*l + 3034 = -0*l + w. Suppose -5*f = -l - 1504. What is the hundreds digit of f?
5
Suppose -5*a + 5*t + 65103 = -3*a, -5*a + 5*t + 162810 = 0. What is the hundreds digit of a?
5
Suppose 6*y - 1818 + 198 = 0. Let o = -398 + y. Let z = o + 140. What is the tens digit of z?
1
Let f(y) = -y**2 + 3*y + 108. Let a be f(-9). Suppose v + 0*v - 2*i = 741, a = 3*v + 4*i - 2183. What is the hundreds digit of v?
7
Let o = -3200 + 7329. What is the hundreds digit of o?
1
Let g be (2061/18 - 0)/((-2)/(-24)). Let b = g - 954. What is the hundreds digit of b?
4
Let v be 42819/35 + (-18)/(-30). Suppose -b = q - 412, -b = 2*b - q - v. What is the units digit of b?
9
Suppose 3*g + 4*u + 24198 - 78229 = 0, 72050 = 4*g + u. What is the ten thousands digit of g?
1
Let k = -50822 - -114734. What is the ten thousands digit of k?
6
Let g be 36*4/(-6) + (-2)/2. Let d(z) = 68*z**2. Let w be d(-1). Let o = w + g. What is the units digit of o?
3
Let n(a) = -20*a + 4. Let x be n(-7). Let r = -97 - -118. Let m = x + r. What is the units digit of m?
5
Let x = -703 - -707. Suppose -19*r - 3*z = -17*r - 3017, 3038 = 2*r - x*z. What is the thousands digit of r?
1
Let t(r) = 521*r**2 - 15*r - 19. What is the thousands digit of t(-5)?
3
Let g be 1833 + (4 - (13 - 7)). Suppose -5*z - g = -2*t, -3*t = z - 2*z - 2740. What is the hundreds digit of t?
9
Let a be 9 - -2*(-2)/(-4). Suppose 0 = -9*j + 1564 - 11041. What is the units digit of j/(-15) + (-2)/a?
0
Suppose -6*j + 298 = -992. What is the hundreds digit of (j*(-3 - -4))/1 + -2?
2
What is the ten thousands digit of (-2 - 73236/3)*56/(-42)?
3
Let d(j) = 8*j**2 + 201*j + 160. What is the tens digit of d(-59)?
4
Suppose 704*n + 110496 = 720*n. What is the thousands digit of n?
6
Suppose -30 = 3*b - 4*b. What is the units digit of (42 - 0/1)*620/b?
8
Suppose -o + 10 = -10. Suppose q - 8 = o. What is the tens digit of ((-344)/28)/((-4)/q)?
8
Let h(s) = -s**3 - 16*s**2 + 11*s + 47. Let j be h(-16). Let q = j - -1334. What is the tens digit of q?
0
Let n = 8580 + -6134. What is the thousands digit of n?
2
Suppose -7*d + 708 = -209. Let n = -185 + d. Let h = 5 - n. What is the units digit of h?
9
Suppose 259 = 3*c - 4*y - 88, -3*y = 2*c - 254. Let d be ((-168)/(-10))/((-2)/10). Let i = c + d. What is the tens digit of i?
3
Let z(d) = 4*d**2 - 31*d - 3. Let g be z(13). Let f = 422 + g. What is the hundreds digit of f?
6
Let v(k) = -k**3 + 90*k**2 + 21*k - 1589. What is the hundreds digit of v(86)?
8
Let b = -128 + 130. Suppose -1218 = -2*y - 5*l, -7*l = -b*l - 20. What is the units digit of y?
9
Suppose 9*i - m = 14*i - 44031, -5*i + 44028 = -2*m. What is the tens digit of i?
0
Suppose 0 = 2*y + z + 86, -4*y = -0*y + z + 176. Suppose 0 = l + 17 + 63. Let j = y - l. What is the tens digit of j?
3
Suppose 3*f - q - 139209 = 0, -3*f - 3*q = -206391 + 67206. What is the ten thousands digit of f?
4
Let a(i) = 2*i**3 - 112*i**2 + 146*i - 8. What is the ten thousands digit of a(58)?
2
Suppose 10*l - 26*l = 55*l - 315879. What is the tens digit of l?
4
Let v = 12059 + -2858. What is the thousands digit of v?
9
Suppose x = 1, 19*b - 15*b - 28441 = 3*x. What is the thousands digit of b?
7
Let p be (-33180)/875 + (-2)/25. What is the hundreds digit of (-13 - -2)*(p - (-24)/(-6))?
4
Let y be (-794514)/(-33) + -6 + (-6)/33. Suppose 21*t = y - 2902. What is the units digit of t?
8
Suppose 3*c + 17*d - 14*d = 23544, -4*c + 4*d + 31432 = 0. Suppose 0 = 19*a + 44 - c. What is the units digit of a?
1
Suppose 60*t + 1860 = 56*t. Let s = t - -9. Let u = -215 - s. What is the tens digit of u?
4
Let s be 2/3 - 7*(-8)/(-84). Let j be -25 + s - 35/(-7). What is the tens digit of 3 + 64/j - 522/(-10)?
5
Let a = -307 - -307. What is the tens digit of (2/(-4))/(a - (-12)/(-15696))?
5
Let j = 2703 - 3809. Let d = j + 1559. What is the hundreds digit of d?
4
Suppose -4*d - 3*a = 1038 + 1346, 0 = -d + 3*a - 596. What is the hundreds digit of (-4)/(-2)*d/(-8)?
1
Suppose 9730 - 25813 = -z + 10918. What is the units digit of z?
1
Let d be (-4)/(-10)*(1 - 6). What is the units digit of (-3)/((-9)/d) - 51584/(-372)?
8
Let g = -15 + 29. Suppose 0 = -g*m + 15*m - 78. What is the units digit of m?
8
Let a = 55069 + -23711. What is the tens digit of a?
5
Let d(s) = -296*s**3 - 83*s**2 - 22*s - 15. What is the ten thousands digit of d(-5)?
3
Let u = -303 - -428. Let j = u + 1251. What is the hundreds digit of j?
3
Let s(w) = 9*w**3 + 15*w - 10*w**3 - 23*w - 16 + 2*w**2. What is the hundreds digit of s(-6)?
3
Suppose 2*y + o = 111268, -346*o = -350*o + 32. What is the thousands digit of y?
5
What is the thousands digit of 410/5*(78 + -13) + 8?
5
Let u(h) = -h**3 - 51*h**2 + 286*h + 150. What is the ten thousands digit of u(-61)?
1
Suppose 2*q - 20033 = -s, 0 = 5*q + 8*s - 6*s - 50080. What is the thousands digit of q?
0
Let x = -94 - -97. Suppose x*w + 2*t - 911 = 444, -4*t = 8. What is the tens digit of w?
5
Let f = -3413 - -8918. What is the tens digit of f?
0
Let z be 6 + -3 + (-5 - -1) + 300. Suppose 0 = r - z + 77. What is the tens digit of r?
2
Let a be ((-542)/4)/(42/(-252)). Suppose -a = -44*q + 41*q. What is the tens digit of q?
7
Let l be (-4 + 3)/((-2)/10). Suppose 3*g - 2*o + 2 = 3, -2*o = 5*g - 23. Suppose -3*i = -12, -g*w = -0*w - l*i - 160. What is the units digit of w?
0
Let w(r) = 129*r**2 + 37*r + 1098. What is the tens digit of w(-25)?
9
Suppose 2*c - 7 = 1. What is the tens digit of (c - -1)/((-36)/(-4428))?
1
Suppose 1610 = -4*n + j, 4*n + 1828 = -3*j + 226. Let a = n + 488. What is the tens digit of a?
8
Suppose -l - 85156 = -